r when 34123 is divided by 2968.
1475
What is the remainder when 3879963 is divided by 3236?
3235
Calculate the remainder when 166735 is divided by 7938.
37
Calculate the remainder when 6264473 is divided by 310.
303
What is the remainder when 181206393 is divided by 81?
78
What is the remainder when 194255 is divided by 270?
125
Calculate the remainder when 2342447 is divided by 269.
264
Calculate the remainder when 1297800 is divided by 498.
12
Calculate the remainder when 28306094 is divided by 931.
901
Calculate the remainder when 2495997 is divided by 70.
7
What is the remainder when 7684492 is divided by 1324?
1320
Calculate the remainder when 1012152 is divided by 4988.
4576
Calculate the remainder when 2983 is divided by 74.
23
Calculate the remainder when 2188 is divided by 31.
18
What is the remainder when 7321220 is divided by 268?
264
What is the remainder when 164761 is divided by 11727?
583
Calculate the remainder when 766647 is divided by 2663.
2366
Calculate the remainder when 16419 is divided by 15800.
619
What is the remainder when 59663 is divided by 14745?
683
Calculate the remainder when 424442 is divided by 106044.
266
Calculate the remainder when 1409753 is divided by 1407854.
1899
What is the remainder when 25627 is divided by 5105?
102
What is the remainder when 9903743 is divided by 28?
3
What is the remainder when 109336 is divided by 36435?
31
What is the remainder when 31876942 is divided by 4337?
4329
What is the remainder when 3148183 is divided by 46293?
259
Calculate the remainder when 190455 is divided by 9068.
27
What is the remainder when 16187887 is divided by 758?
39
Calculate the remainder when 32000477 is divided by 334.
271
What is the remainder when 4505909 is divided by 115530?
239
Calculate the remainder when 235073 is divided by 5122.
4583
Calculate the remainder when 68509 is divided by 3979.
866
Calculate the remainder when 1191781 is divided by 525.
31
Calculate the remainder when 845901 is divided by 24.
21
What is the remainder when 3370597 is divided by 22030?
7
What is the remainder when 18059305 is divided by 10866?
13
What is the remainder when 236908816 is divided by 6?
4
Calculate the remainder when 15630467 is divided by 1144.
1139
Calculate the remainder when 87120328 is divided by 265.
253
Calculate the remainder when 155563211 is divided by 38.
27
What is the remainder when 14106542 is divided by 18?
14
What is the remainder when 1253766 is divided by 410?
396
Calculate the remainder when 69150828 is divided by 60.
48
What is the remainder when 4663349 is divided by 190?
179
Calculate the remainder when 158523503 is divided by 801.
797
Calculate the remainder when 1080092 is divided by 13.
0
Calculate the remainder when 54045253 is divided by 757.
752
What is the remainder when 1326489 is divided by 21735?
654
What is the remainder when 1602422 is divided by 773?
766
What is the remainder when 833712 is divided by 33326?
562
What is the remainder when 17365059 is divided by 403838?
25
Calculate the remainder when 171400 is divided by 324.
4
What is the remainder when 201938 is divided by 33626?
182
Calculate the remainder when 756378 is divided by 3763.
15
Calculate the remainder when 25231978 is divided by 710.
708
Calculate the remainder when 2464734 is divided by 358.
262
What is the remainder when 21668970 is divided by 10834482?
6
What is the remainder when 451742 is divided by 49?
11
Calculate the remainder when 57164 is divided by 56749.
415
What is the remainder when 2134980 is divided by 5997?
48
What is the remainder when 62055 is divided by 59001?
3054
Calculate the remainder when 412782 is divided by 45.
42
What is the remainder when 6756466 is divided by 17?
3
Calculate the remainder when 684902 is divided by 327.
164
What is the remainder when 163096 is divided by 3323?
269
Calculate the remainder when 1063171 is divided by 1063167.
4
What is the remainder when 13284507 is divided by 4428169?
0
What is the remainder when 465214 is divided by 38757?
130
Calculate the remainder when 10269991 is divided by 23.
8
What is the remainder when 3317556 is divided by 115?
36
Calculate the remainder when 524567 is divided by 1987.
1986
What is the remainder when 15099 is divided by 168?
147
Calculate the remainder when 112551 is divided by 17948.
4863
Calculate the remainder when 12019424 is divided by 387.
365
What is the remainder when 7271853 is divided by 13984?
173
What is the remainder when 845671 is divided by 50?
21
What is the remainder when 64682 is divided by 392?
2
What is the remainder when 462188 is divided by 171?
146
Calculate the remainder when 8439203 is divided by 39.
32
What is the remainder when 279378 is divided by 25?
3
Calculate the remainder when 25316991 is divided by 784.
63
Calculate the remainder when 215879 is divided by 173.
148
Calculate the remainder when 28088695 is divided by 2726.
2717
Calculate the remainder when 109780 is divided by 36323.
811
What is the remainder when 28954 is divided by 28931?
23
What is the remainder when 29005659 is divided by 20?
19
What is the remainder when 2209314 is divided by 5199?
4938
Calculate the remainder when 1397200 is divided by 698563.
74
What is the remainder when 281545 is divided by 140767?
11
What is the remainder when 1289992 is divided by 651?
361
Calculate the remainder when 43590224 is divided by 53354.
6
What is the remainder when 262087994 is divided by 7202?
12
What is the remainder when 246796 is divided by 123341?
114
Calculate the remainder when 280602 is divided by 26.
10
What is the remainder when 31157 is divided by 31156?
1
Calculate the remainder when 134318 is divided by 15849.
7526
Calculate the remainder when 787496 is divided by 928.
552
Calculate the remainder when 777713 is divided by 1237.
877
Calculate the remainder when 683016 is divided by 1542.
1452
Calculate the remainder when 642150 is divided by 1269.
36
What is the remainder when 260512 is divided by 5623?
1854
Calculate the remainder when 442644488 is divided by 441.
440
What is the remainder when 416447 is divided by 2638?
2281
What is the remainder when 22362326 is divided by 4833?
35
Calculate the remainder when 4488795496 is divided by 102.
100
Calculate the remainder when 526519 is divided by 75186.
217
Calculate the remainder when 42799 is divided by 1600.
1199
Calculate the remainder when 2680313 is divided by 401.
29
Calculate the remainder when 6381040 is divided by 4419.
4
What is the remainder when 123544 is divided by 1508?
1396
Calculate the remainder when 3969547 is divided by 5416.
5035
What is the remainder when 692599 is divided by 19228?
391
What is the remainder when 55563797 is divided by 1468?
1465
Calculate the remainder when 1935 is divided by 606.
117
What is the remainder when 67745227 is divided by 35?
32
Calculate the remainder when 37633 is divided by 18.
13
Calculate the remainder when 340352 is divided by 121.
100
What is the remainder when 24078265 is divided by 386?
357
Calculate the remainder when 7152 is divided by 1005.
117
What is the remainder when 37420964 is divided by 1245?
1244
Calculate the remainder when 20034859 is divided by 2862120.
19
What is the remainder when 23075940 is divided by 23099?
39
What is the remainder when 859591 is divided by 1382?
1369
Calculate the remainder when 32186265 is divided by 596039.
159
What is the remainder when 7448170 is divided by 83?
82
Calculate the remainder when 38871 is divided by 9450.
1071
What is the remainder when 10459 is divided by 10454?
5
What is the remainder when 157840 is divided by 1026?
862
Calculate the remainder when 4574775 is divided by 968.
7
Calculate the remainder when 6432 is divided by 2992.
448
What is the remainder when 10920022 is divided by 2730001?
18
Calculate the remainder when 140532 is divided by 665.
217
What is the remainder when 8334 is divided by 499?
350
Calculate the remainder when 45023090 is divided by 977.
976
What is the remainder when 16618010 is divided by 5048?
5042
Calculate the remainder when 1186017 is divided by 46.
45
What is the remainder when 53618205 is divided by 17872735?
0
What is the remainder when 86509 is divided by 235?
29
Calculate the remainder when 132466 is divided by 1132.
